3?
6
What is the units digit of 90?
0
What is the thousands digit of 31964?
1
What is the units digit of 6231?
1
What is the units digit of 449?
9
What is the ten thousands digit of 24719?
2
What is the units digit of 922?
2
What is the tens digit of 1490?
9
What is the tens digit of 28963?
6
What is the thousands digit of 76363?
6
What is the units digit of 6711?
1
What is the hundreds digit of 974?
9
What is the units digit of 1057?
7
What is the units digit of 18500?
0
What is the thousands digit of 15372?
5
What is the ten thousands digit of 61633?
6
What is the thousands digit of 1552?
1
What is the thousands digit of 3225?
3
What is the thousands digit of 8338?
8
What is the tens digit of 18553?
5
What is the thousands digit of 24320?
4
What is the hundreds digit of 24793?
7
What is the units digit of 1406?
6
What is the tens digit of 5368?
6
What is the hundred thousands digit of 138663?
1
What is the hundreds digit of 39216?
2
What is the tens digit of 1628?
2
What is the thousands digit of 24045?
4
What is the tens digit of 921?
2
What is the tens digit of 187?
8
What is the thousands digit of 7047?
7
What is the thousands digit of 25198?
5
What is the hundreds digit of 463?
4
What is the tens digit of 2321?
2
What is the tens digit of 534?
3
What is the thousands digit of 32090?
2
What is the hundreds digit of 9697?
6
What is the thousands digit of 1206?
1
What is the thousands digit of 13430?
3
What is the tens digit of 137?
3
What is the units digit of 1070?
0
What is the units digit of 150990?
0
What is the ten thousands digit of 11113?
1
What is the thousands digit of 1308?
1
What is the hundreds digit of 4779?
7
What is the hundreds digit of 612?
6
What is the units digit of 14?
4
What is the thousands digit of 4425?
4
What is the thousands digit of 1222?
1
What is the hundreds digit of 3388?
3
What is the units digit of 26390?
0
What is the thousands digit of 49705?
9
What is the units digit of 16650?
0
What is the units digit of 892?
2
What is the hundreds digit of 2075?
0
What is the hundreds digit of 1375?
3
What is the tens digit of 106543?
4
What is the units digit of 3634?
4
What is the hundreds digit of 1200?
2
What is the hundreds digit of 683?
6
What is the ten thousands digit of 17009?
1
What is the hundreds digit of 1384?
3
What is the units digit of 2391?
1
What is the thousands digit of 16969?
6
What is the units digit of 60644?
4
What is the units digit of 62208?
8
What is the hundreds digit of 10933?
9
What is the tens digit of 16597?
9
What is the units digit of 26561?
1
What is the ten thousands digit of 40142?
4
What is the tens digit of 13656?
5
What is the units digit of 22220?
0
What is the units digit of 6183?
3
What is the tens digit of 68167?
6
What is the units digit of 7370?
0
What is the tens digit of 9238?
3
What is the tens digit of 702?
0
What is the hundreds digit of 80429?
4
What is the ten thousands digit of 19204?
1
What is the ten thousands digit of 24827?
2
What is the tens digit of 7941?
4
What is the tens digit of 559?
5
What is the thousands digit of 2850?
2
What is the units digit of 7436?
6
What is the tens digit of 3209?
0
What is the tens digit of 3083?
8
What is the tens digit of 4918?
1
What is the ten thousands digit of 57285?
5
What is the ten thousands digit of 127802?
2
What is the tens digit of 548?
4
What is the ten thousands digit of 51458?
5
What is the hundreds digit of 6660?
6
What is the hundreds digit of 290?
2
What is the units digit of 828?
8
What is the ten thousands digit of 20866?
2
What is the hundreds digit of 16846?
8
What is the tens digit of 3484?
8
What is the ten thousands digit of 11345?
1
What is the hundreds digit of 2850?
8
What is the hundreds digit of 726?
7
What is the thousands digit of 2854?
2
What is the tens digit of 19827?
2
What is the units digit of 347?
7
What is the thousands digit of 2819?
2
What is the hundreds digit of 4616?
6
What is the units digit of 30972?
2
What is the tens digit of 238?
3
What is the units digit of 88?
8
What is the hundreds digit of 21427?
4
What is the ten thousands digit of 116103?
1
What is the hundreds digit of 4812?
8
What is the units digit of 562?
2
What is the units digit of 4200?
0
What is the units digit of 10586?
6
What is the units digit of 127146?
6
What is the tens digit of 47?
4
What is the hundreds digit of 6857?
8
What is the hundreds digit of 674?
6
What is the thousands digit of 2557?
2
What is the hundreds digit of 788?
7
What is the units digit of 35753?
3
What is the hundreds digit of 71775?
7
What is the tens digit of 2104?
0
What is the hundreds digit of 31321?
3
What is the tens digit of 6080?
8
What is the tens digit of 7040?
4
What is the units digit of 14883?
3
What is the tens digit of 797?
9
What is the tens digit of 1366?
6
What is the thousands digit of 3456?
3
What is the tens digit of 974?
7
What is the tens digit of 11333?
3
What is the hundreds digit of 11115?
1
What is the thousands digit of 6410?
6
What is the tens digit of 13131?
3
What is the hundreds digit of 4526?
5
What is the tens digit of 1053?
5
What is the ten thousands digit of 35706?
3
What is the tens digit of 290?
9
What is the units digit of 8356?
6
What is the thousands digit of 2006?
2
What is the tens digit of 4307?
0
What is the tens digit of 594?
9
What is the tens digit of 29919?
1
What is the hundreds digit of 564?
5
What is the units digit of 3282?
2
What is the hundreds digit of 3335?
3
What is the thousands digit of 1263?
1
What is the tens digit of 2097?
9
What is the hundreds digit of 467?
4
What is the units digit of 3495?
5
What is the units digit of 1175?
5
What is the units digit of 4826?
6
What is the thousands digit of 1313?
1
What is the tens digit of 7537?
3
What is the hundreds digit of 2901?
9
What is the tens digit of 5005?
0
What is the units digit of 479?
9
What is the hundreds digit of 892?
8
What is the hundreds digit of 1412?
4
What is the units digit of 19814?
4
What is the hundreds digit of 31828?
8
What is the units digit of 94485?
5
What is the tens digit of 3466?
6
What is the units digit of 104471?
1
What is the thousands digit of 2686?
2
What is the hundreds digit of 4555?
5
What is the units digit of 4360?
0
What is the units digit of 263?
3
What is the tens digit of 9129?
2
What is the tens digit of 68299?
9
What is the units digit of 1830?
0
What is the tens digit of 3379?
7
What is the tens digit of 82802?
0
What is the hundreds digit of 43323?
3
What is the ten thousands digit of 59139?
5
What is the thousands digit of 21439?
1
What is the units digit of 535?
5
What is the hundreds digit of 506?
5
What is the thousands digit of 31410?
1
What is the thousands digit of 5735?
5
What is the ten thousands digit of 35435?
3
What is the hundreds digit of 2433?
4
What is the tens digit of 7449?
4
What is the tens digit of 2948?
4
What is the hundreds digit of 405?
4
What is the thousands digit of 83707?
3
What is the thousands digit of 10625?
0
What is the units digit of 804?
4
What is the tens digit of 840?
4
What is the units digit of 46747?
7
What is the hundreds digit of 37479?
4
What is the tens digit of 27312?
1
What is the units digit of 9507?
7
What is the hundreds digit of 813?
8
What is the ten thousands digit of 31720?
3
What is the hundred thousands digit of 140174?
1
What is the hundreds digit of 5760?
7
What is the thousands digit of 14071?
4
What is the tens digit of 763?
6
What is the tens digit of 1088?
8
What is the tens digit of 31018?
1
What is the tens digit of 11693?
9
What is the thousands digit of 28153?
8
What is the tens digit of 59460?
6
What is the tens digit of 2075?
7
What is the tens digit of 34920?
2
What is the units digit of 12021?
1
What is the thousands digit of 1084?
1
What is the units digit of 5836?
6
What is the units digit of 4081?
1
What is the tens digit of 63387?
8
What is the hundreds digit of 291?
2
What is the thousands digit of 2585?
2
What is the units digit of 182?
2
What is the tens digit of 3919?
1
What is the ten thousands digit of 11765?
1
What is the hundreds digit of 26109?
1
What is the hundreds digit of 552?
5
What is the hundreds digit of 18638?
6
What is the tens digit of 16834?
3
What is the thousands digit of 2868?
2
Wh